05 + 3. What is the tens digit of c?
2
Let d be (-2 + -3 + 2)/((-6)/(-364)). Let q = d - -290. Suppose 2*x - 126 = -3*x - 2*k, 2*k + q = 4*x. What is the tens digit of x?
2
Suppose 35*q = 28*q + 37807. What is the thousands digit of q?
5
Suppose 5*i = 0, -4*d = -11*i + 7*i - 33792. What is the tens digit of d?
4
Let m(a) = -4*a + 14. Let b(q) = -2*q**2 - q. Let u(t) = -t**2 - t. Let p(n) = 3*b(n) - 5*u(n). Let i be p(-2). What is the units digit of m(i)?
6
Let x = 136 - 126. What is the hundreds digit of (-1064)/x*(-45)/18?
2
Suppose 0 = -5*w + 4*i + 26, 15 = -2*w - 4*i + 3. Let v be 2/(-6) - 139/(-3). Suppose -w*z + v + 38 = 0. What is the units digit of z?
2
Let x = -1504 + 650. Let c = x - -1358. What is the hundreds digit of c?
5
Let s(j) = -92*j - 2295. What is the thousands digit of s(-84)?
5
Let c(i) be the second derivative of -i**3 + 29*i**2/2 - 27*i. Let v be c(4). Suppose 0 = -3*f - 4*x + 73 + 166, 0 = -f + v*x + 67. What is the tens digit of f?
7
Suppose 4*i = -k + 2001, -4*i - i - k + 2502 = 0. Let w be (-938)/(-335)*(-30)/(-4). Suppose -w*n = -i + 18. What is the tens digit of n?
2
Suppose -272*a + 90*a - 140*a = -24127782. What is the tens digit of a?
3
Let s(u) = -u**3 - 7*u**2 + 49*u - 43. What is the hundreds digit of s(-19)?
3
Let i(u) = -u - 2. Let k(j) = -4*j + 64. Let m(w) = -3*i(w) + k(w). What is the units digit of m(-23)?
3
Let v = 60 + -64. Suppose 2*j = 4*a - 160, -3*a = -5*j + 4*j - 121. Let f = a + v. What is the tens digit of f?
3
Let l = -139 + 141. Suppose -4*y + 24 = l*f, 2*y - 19 = -y - 2*f. Suppose -3*q = -y*q + 476. What is the units digit of q?
8
Let w be 5*((-27)/20 - (-15)/20). What is the units digit of 2/3 + -6 + (-157)/w?
7
Let l(m) = 7*m + 753. Let t(x) = -4*x - 502. Let c(v) = -5*l(v) - 8*t(v). What is the hundreds digit of c(22)?
1
Let d(u) = -u**2 + 242*u + 185. What is the thousands digit of d(33)?
7
Let g = 1688 + -392. Suppose 4*t - g = -2*v, -v - 7*t + 2*t + 660 = 0. What is the tens digit of v?
4
Suppose 6*s - 25*s = -383838. What is the hundreds digit of (s/(-27) + (-12)/(-54))/(-2)?
3
Let m = 48 - 38. Suppose -4*u - 4*g + m = -418, -436 = -4*u + 4*g. Suppose b - 127 + u = 0. What is the tens digit of b?
1
Suppose 0*b = 3*b + 2*o + 6, -2*o = -2*b + 6. Suppose b = -4*k + 2136 - 632. What is the hundreds digit of k?
3
Suppose 730*t = 745*t - 963795. What is the units digit of t?
3
Let l(m) = -147*m - 5133. What is the units digit of l(-62)?
1
Let p(m) = 781*m - 7846. What is the hundreds digit of p(59)?
2
Let r be 737/7 + 2/(-7). Suppose r*y = 104*y - 63. Let a = 156 + y. What is the tens digit of a?
9
Let a(w) = -2*w**2 - 6*w - 3*w**2 + 7 + 17*w**2. Let g be a(-3). Let f = g + -75. What is the tens digit of f?
5
Let f be 0/(1 + 1) - 2574. Suppose -15*n - 790 + 850 = 0. What is the units digit of f/(-24) + (-1)/n?
7
Let i(v) = 217*v - 9. Let n be i(1). Let b = 491 - n. What is the units digit of b?
3
Suppose -3*s + 15391 = 5*b - 65158, 4*b - 4 = 0. What is the units digit of s?
8
Suppose 8*r = 20*r + 156. Let m(k) = 6*k**2 + 42*k - 30. What is the hundreds digit of m(r)?
4
Let t = -494 - -1217. Let o = -504 + t. Let x = -154 + o. What is the units digit of x?
5
Let u(a) be the third derivative of -a**6/40 - 3*a**5/20 - 5*a**4/4 + a**3 + 137*a**2. What is the tens digit of u(-8)?
0
Let v(m) = 9*m - m + 3*m - 78 + 69. Let z(a) = -21*a + 17. Let o(u) = -7*v(u) - 4*z(u). What is the tens digit of o(4)?
2
Suppose 2*t = -4*k - 2*t + 12, 3*k = -t + 5. Let r = 204 + k. What is the hundreds digit of r?
2
Let n = -138 + 146. Suppose 3339 = n*v + v. What is the units digit of v?
1
Let z(f) = -5*f - 5. Let u be z(-4). Suppose 5*q - 5*i - 944 = 1146, -5*i - u = 0. What is the units digit of q?
5
Suppose 0 = -9*r + 79064 + 156673. What is the hundreds digit of r?
1
Let l be (8/(-12))/((-23)/69). Let t = -256 - -1066. Suppose -l*o = -5*g + t, 3*g = -o + 4*o + 495. What is the units digit of g?
0
Suppose -15*p = -21*p - 2322. Let a = 438 + p. What is the tens digit of a?
5
Let k(t) = 12*t**2 - 114*t - 87. What is the tens digit of k(-27)?
3
Suppose 0 = -4*t - 4*u + 7*u + 19973, -4*u + 4998 = t. What is the hundreds digit of t?
9
Suppose 3*b - 3*u - 98751 = 0, -11*b + 16*b - 164535 = -5*u. What is the thousands digit of b?
2
Let v(z) = -z**2 + 14*z - 6. Let h be v(12). Suppose -h*o - 5*o = -7383. What is the tens digit of o?
2
What is the ten thousands digit of (-7)/5 - (168/(-14) - (-1308102)/(-30))?
4
Let y(n) = -n**2 - 15*n + 709. What is the tens digit of y(-34)?
6
Suppose 77*f + 140 = 78*f. What is the units digit of (f/(-25) + 6)*3045?
8
What is the tens digit of ((-324)/(-5)*27/18)/((-2)/(-65))?
5
Let n = 103 - 86. Suppose n*c - 730 = 3792. What is the hundreds digit of c?
2
Let k(g) = 86*g**3 + 3*g**2 + 2*g. Let m be k(-1). Let j = -83 - m. Suppose 0 = 3*b + j*l - 381, 5*b + l - 633 = -3*l. What is the tens digit of b?
2
Let b(f) = -f**2 + 333*f + 1488. What is the units digit of b(81)?
0
Let r(y) = -643*y - 1402. What is the tens digit of r(-12)?
1
Suppose 2*x = -2*u + 19082, 2*x + 21*u - 19102 = 23*u. What is the hundreds digit of x?
5
Let t(h) = -h**3 + 2*h**2 + 5*h - 6. Let x be (-15)/10 - 28/8. Let q be t(x). Let r = 19 + q. What is the hundreds digit of r?
1
Let z(d) = 442*d**2 + d - 1. Let t be z(-1). Suppose -o - t = -6*o. Suppose 44 - o = -c. What is the tens digit of c?
4
Let m(w) = w**2 + 12*w - 13. Let h be m(-13). Suppose h = -10*o + 17*o - 35. Suppose -244 = -3*n + o*v + 324, -5*v = 2*n - 412. What is the tens digit of n?
9
Let n be (-1 - 5/5)*(-1 + 2). Let r be 23*n - (5 - 9). What is the tens digit of 14/(-49) + (-3)/(r/1390)?
9
Let v be (-235)/(-141)*-1*18/(-5). Suppose 5*m = 5*f - 5475, v*f - 5*f - 5*m - 1103 = 0. What is the units digit of f?
3
What is the tens digit of (-48)/216 + 3 + (-92980)/(-45)?
6
Let j = 17352 + -7870. What is the hundreds digit of j?
4
Let y = -24 - -15. Let r = y + 49. Let f = 66 - r. What is the units digit of f?
6
Suppose 10 = -g + 20. Let b(h) = h**2 + 15*h + 5. Let z be b(g). Suppose z + 295 = 5*p. What is the hundreds digit of p?
1
Let i(z) = 26*z**2 + 14*z - 33. Let p be i(4). Suppose 4*w = 221 + p. What is the tens digit of w?
6
Let t = 14546 + -1730. What is the thousands digit of t?
2
Let g = -101889 + 144086. What is the ten thousands digit of g?
4
Suppose -9*x + 130290 = 3*d, 5*d - 5*x - 217534 = -344. What is the units digit of d?
6
Let t(d) = 12*d - 25. Let n be t(-4). Let b be (-1 + n/(-2))*(11 - 17). Let y = b - -313. What is the hundreds digit of y?
1
Let z = 955 + -528. Suppose 3*a - z = -2*r + 2658, a + 5*r - 1011 = 0. What is the thousands digit of a?
1
Suppose -606*z = -610*z + 3220. Suppose 65*n - 60*n - z = 0. What is the tens digit of n?
6
Suppose -5*t + 16825 = -4*n - 196020, n = -11*t + 468308. What is the hundreds digit of t?
5
Let q(z) = 2*z + 46. Let m be q(-15). Suppose 12*b + 356 = m*b. What is the units digit of b?
9
Let l(i) = i**2 + 47*i - 204. Let s be l(4). Let g = 5 - 1. Suppose 5*z - 413 = -n + 202, s = -g*z - 3*n + 492. What is the tens digit of z?
2
Suppose 565 = -2*b - 5*x + 3612, -5*b = 5*x - 7580. Suppose -5*z + 3*g - b = 0, -2*z - 4*g + 2*g = 598. Let y = -205 - z. What is the units digit of y?
6
Let w = -107 - -188. Let z be (w/(-6))/(-1)*2. Suppose -u + z = 4*l + 5, u = -2*l + 22. What is the tens digit of u?
2
Let v(i) = -2*i**2 + 53*i - 18. Let h be v(26). What is the units digit of -270*(h/(-6) - -1)?
0
Suppose 4*d + 536 = 3*o - 0*o, -4*d = 4*o - 696. Let y be 6/24*8*(-3)/(-2). Suppose o = y*k - k. What is the units digit of k?
8
Suppose 4*b = -183 + 191. Suppose -3*m + b*v = -0*v - 8, 0 = m + v - 6. Suppose -7*i = -m*i - 195. What is the tens digit of i?
6
Let u = 10851 - 4826. What is the hundreds digit of u?
0
Let x(k) = 2*k**3 + 71*k**2 + 34*k - 7. Let w be x(-35). Suppose w*i - 7631 = 15*i. What is the tens digit of i?
8
Let q(j) = -2 - 47*j - 7 - 6. Let s be q(-7). Suppose 5*a - s = 3*a. What is the hundreds digit of a?
1
Let u(a) = -a**2 - 40*a - 15. Let g be u(-27). Let o = -55 + g. What is the units digit of o?
1
Let m be 15/2*(-12)/(-15)*2. Let q(y) = -y**2 - y. Let x(s) = -6*s**2 + 6*s - 21. Let r(h) = 4*q(h) - x(h). What is the hundreds digit of r(m)?
1
Let t(z) = 6*z**3 + 7*z**2 + 37*z - 180. W